. What is the units digit of v(f)?
6
Let z be -1 - 5/2*-2. What is the units digit of 63/6*z/6?
7
Suppose -k + 2*k - 52 = -3*q, 4*q - 4*k - 64 = 0. What is the units digit of q?
7
Let g(z) be the first derivative of z**2/2 - 2. Let n be g(3). Let y(i) = i**3 - 4*i**2 + 3*i + 1. What is the units digit of y(n)?
1
Let w = 245 + -140. What is the hundreds digit of w?
1
Let p(n) = -2*n + 3. What is the units digit of p(-9)?
1
Suppose -4*w - 3*m = -w - 120, -5*w + 165 = -2*m. What is the units digit of w?
5
Let o(t) = t**3 + 4*t**2 + 2*t - 2. Suppose -3*w + 3*i = 12, 4*i + i = 5. Let d be o(w). What is the units digit of (d/2)/(2/16)?
4
Suppose -2*n - 3*g + 109 = 0, 0 = -5*n - 4*g + 5*g + 298. What is the units digit of n?
9
Suppose -3*c + 5*c = 42. What is the units digit of c?
1
Suppose 12 = d + 1. Let n = d + 0. What is the units digit of n?
1
Let v(h) = -h**3 + h**2 - h. Let r(o) = 4*o**3 + 3*o**2 + 2*o - 3. Let u(l) = -r(l) - 5*v(l). What is the tens digit of u(8)?
2
Suppose h - 10 = -3. Let v = 10 - h. Suppose -v*u + 55 = 2*u. What is the units digit of u?
1
Let a(c) = c**3 + 3*c**2 - 5*c - 5. Let d be a(-4). Let q = d - -3. What is the units digit of q?
2
Let h = 12 - 8. Let m = h + 2. What is the units digit of m?
6
Let i(f) = f**3 + 6*f**2 - 7*f + 8. Let a be i(-7). Let c = a + -6. Let l = 6 + c. What is the units digit of l?
8
Suppose -4*w + 2*w + d = -142, 2*d = -4. What is the tens digit of w?
7
Suppose 5*j - 106 = 344. What is the units digit of j?
0
Suppose -10 + 34 = 4*q. Suppose x = q*x - 10. Suppose -4*v = x*p - 14, 0*v + 5*v = -2*p + 14. What is the units digit of p?
7
Let k(z) = z**2 - 2. What is the units digit of k(-5)?
3
Let j = 98 + -148. What is the tens digit of -11 + 8 + j/(-2)?
2
Suppose 5*s = 4*w + 3*s - 154, -5*s + 22 = w. What is the tens digit of w?
3
Let q = -36 - -62. What is the units digit of q?
6
Let q = -27 + 47. Suppose -4*k = -3*b - 11, -5*k = -k - q. Suppose 29 = b*o + 8. What is the units digit of o?
7
Suppose -n = 3*n. Suppose t + 27 = -l - 4*l, n = -5*l - 4*t - 33. What is the units digit of 5 - 1 - 5/l?
5
Let z be (-4 - -3)/(1/(-3)). Suppose d - z + 1 = 0. Suppose -21 = -d*q + q. What is the tens digit of q?
2
Suppose -4*t + 69 = -87. Let i = -3 + t. What is the tens digit of i?
3
Let t be (7 - -1) + -1 + -2. What is the units digit of (16/t)/((-4)/(-10))?
8
Suppose -4*l = -3*l - 88. Suppose 3*x + a + 34 = l, 5*a = -4*x + 61. What is the units digit of x?
9
Let a = 4 - 3. What is the units digit of a?
1
Let i = -32 - -59. What is the units digit of i?
7
Let u(z) = -3*z - 4. What is the tens digit of u(-5)?
1
Let t(f) = f + 16. Let a be t(-11). Suppose -3 = -q + a. What is the units digit of q?
8
Let o(g) = g**3 - 2*g**2 - g + 4. Suppose -t + 3*t = 5*l + 53, -5*t + l + 98 = 0. Suppose 0 = 5*s + 4 - t. What is the tens digit of o(s)?
1
Let y(v) = 2*v**2 - 6*v + 4. Let m be y(4). Suppose 0 = -r + m + 2. What is the tens digit of r?
1
Let t(w) = w**2 + 9*w - 1. Let c(f) = -f**2 - 4*f - 5. Suppose -3*p - 15 = -0*p. Let l be c(p). What is the units digit of t(l)?
9
Let z = 121 - 55. What is the tens digit of z?
6
Suppose -4*f + 169 = -3*s - 0*s, -4*s = 12. What is the units digit of f?
0
Let r = -31 + 68. What is the units digit of r?
7
Let x be -2*4 + 2 + 0. Let c = -3 - x. Suppose c*w = -4*o - 2*w + 47, -w = 3*o - 27. What is the units digit of o?
8
Suppose 3 = 2*j + 9. Let m be (-1)/2*(j - 1). Suppose 10 = 4*p - m*p. What is the units digit of p?
5
Let v be (-6)/(0 + (-4 - -2)). Suppose 0 = -2*r + v*r - 8. What is the units digit of r?
8
Let w = 8 - 5. Suppose 0 = -w*g + g - 2. What is the units digit of ((-24)/15)/(g/5)?
8
Let b(r) = r**2 - 8*r + 10. Suppose -3*k = -5*j + 65, 5*j - 75 = k + 4*k. What is the units digit of b(j)?
0
Suppose -5*a - 15 = 3*i, 3 = i - 3*i - a. Let g = 23 + i. Suppose -9 = -4*u + g. What is the units digit of u?
8
Let h = 1 + -1. Let m = h + 1. What is the tens digit of (0 + (0 - -19))*m?
1
Suppose -j - 5*i = 29, -7 + 52 = -5*j - 5*i. Let k = j + 15. What is the tens digit of k?
1
Suppose -5*f + n = -322, -2*f + f + 66 = -n. Let u = f - 39. What is the units digit of u?
5
Let q = 50 + -44. What is the units digit of q?
6
Suppose -5*f + 0*f = -v - 567, 0 = -4*v - 8. What is the units digit of f?
3
Suppose 2*t = 7 + 11. Let k = 8 + -4. Suppose 0 = -v + t - k. What is the units digit of v?
5
Suppose -2*c + 46 = -376. What is the units digit of c?
1
Let r(y) = 8*y + 43*y**2 - 45*y**2 - 3 + y**3 - 3*y. What is the units digit of r(3)?
1
Let p = -2 + 2. Suppose p = -5*d + 3*d + 6. What is the units digit of d?
3
Let p = -5 + 5. Let f(d) = d**2 + d + 8. What is the units digit of f(p)?
8
Let m(j) be the second derivative of -j**3/2 - j**2/2 - j. What is the tens digit of m(-9)?
2
What is the units digit of (-2)/5 - 1660/(-25)?
6
Suppose 3*x - 13 = 2. What is the units digit of x?
5
Let w = -7 - -20. What is the tens digit of w?
1
Suppose 3*c + 1152 = 9*c. What is the hundreds digit of c?
1
Let i(w) = w**3 - 23*w**2 + 10*w - 15. What is the tens digit of i(23)?
1
Suppose -9*d = -13*d + 48. What is the units digit of d?
2
What is the units digit of -1*2*(-196)/8?
9
Suppose -2*i + 5*c = 3*c + 16, -5*c + 8 = 3*i. Let w(s) = -s**3 - 4*s**2 - 2*s - 1. What is the units digit of w(i)?
7
Let r(d) = 54*d**2 - 8*d + 16. What is the units digit of r(2)?
6
Let n = -29 - -19. Let m(d) = -2*d + 5. What is the tens digit of m(n)?
2
Let d be (-9)/27 - 122/3. Let v = -7 - d. Suppose 0 = 4*p - v - 30. What is the tens digit of p?
1
Let b = 69 - 71. Let f(p) = -2*p - 2 + 2. What is the units digit of f(b)?
4
Suppose -4*l + 7*l = 21. What is the units digit of l?
7
Let z(t) = t + 9. Let w be z(-7). Suppose 0*p - w*p = -6. Suppose 2*i = -p + 25. What is the tens digit of i?
1
Let n(t) = -t - 2. Let y be n(-1). What is the units digit of -3 - y - (-6 + 0)?
4
Let w(r) = -r**3 + 8*r**2 + 20*r + 11. What is the units digit of w(10)?
1
Let j = 2 + -4. Let z = j - -17. Suppose -3*s = -z, -18 = g - 4*s - 5. What is the units digit of g?
7
What is the units digit of (-4)/4 + 21/3?
6
Suppose 2*j - 5*j + 89 = 5*m, -3*j + 97 = m. What is the tens digit of j?
3
Let t = -47 + 77. What is the units digit of t?
0
Let w(h) = -h + 7. Let u be w(3). Suppose -3*j = u*t + 1 - 31, 2*t - 4*j - 26 = 0. Suppose -k = -t + 3. What is the units digit of k?
6
Let o be 2 + (-12)/(-4) + -3. Suppose -m + 4*z + 6 - o = 0, -z - 45 = -3*m. What is the tens digit of m?
1
Suppose 0 = -t + z + 6, -3*t - 2*z + 6 = -22. Let c = -3 + t. Let b = -4 + c. What is the units digit of b?
1
Let r be 4/(-6)*-1*3. Suppose -3*x - k - 5 = 0, r*x - 2*k = -0*x + 10. Suppose 0 = -x*l - 2*l + 22. What is the units digit of l?
1
Let l = 0 - 0. Suppose l = -5*z + z + 56. What is the tens digit of z?
1
Let s(d) = -d - 5. Let q(g) = -g**2 - 4*g + 5. Let h be q(-5). Let w be s(h). Let x(l) = -l**3 - 6*l**2 - 6*l + 2. What is the units digit of x(w)?
7
Suppose -w = 4, 0*z + 4*z - 2*w + 24 = 0. What is the units digit of (-2)/4*z/2?
2
What is the units digit of (80/(-6))/((-2)/3)?
0
Let a = 430 + -307. What is the hundreds digit of a?
1
Let y = 531 - 297. What is the units digit of y?
4
Suppose 5*f = f - 5*x + 48, 4*f - 72 = x. Let h be 1/((-6)/(-20))*-3. Let p = f + h. What is the units digit of p?
7
Let s be (-3661)/(-35) + (-3)/5. Suppose -3*m + s = m. What is the units digit of m?
6
Let n(q) = 4*q**2 - 4*q - 10. What is the units digit of n(-4)?
0
Suppose -2*p + 115 = 3*p. Suppose -2 - p = -5*c. What is the units digit of c?
5
Let t(z) = 302*z**2. What is the units digit of t(-1)?
2
Suppose 2*m - 2*a - 63 = 101, -2*m - 2*a = -156. What is the tens digit of m?
8
Let i be 2 - 1 - (-7 - -5). Suppose -8*g + 145 = -i*g. What is the units digit of g?
9
Let i(n) = -n**2 + 14. What is the tens digit of i(0)?
1
Let o be -2 + (-2 - -5)/(-3). Let r be (1 - o)/(1 + 1). What is the units digit of (4 - r) + -2 - -2?
2
Suppose -5*y - 31 = -g - 3*y, 3*g - 49 = -5*y. Let x = g + -16. What is the units digit of x?
7
Let a be 0/1*1 - -8. Suppose a*n - 4 = 4*n. What is the units digit of n?
1
Let d be (-7 - -3)*1/(-4). Let r be ((-8)/(-6))/(d/3). Suppose -r = -2*f + 4. What is the units digit of f?
4
Let i(v) = v**3 - v**2 - 5*v + 2. Let g(w) = w**3 + 3*w**2 - 2*w - 3. Let a be g